{"id":405,"date":"2025-05-02T17:39:43","date_gmt":"2025-05-02T15:39:43","guid":{"rendered":"https:\/\/sociedadcientificasanitaria.org\/tendencias-de-enfermeria\/?page_id=405"},"modified":"2025-05-02T18:34:15","modified_gmt":"2025-05-02T16:34:15","slug":"aspectos-eticos","status":"publish","type":"page","link":"https:\/\/sociedadcientificasanitaria.org\/tendencias-de-enfermeria\/aspectos-eticos\/","title":{"rendered":"Aspectos \u00e9ticos"},"content":{"rendered":"<p>[et_pb_section fb_built=\u00bb1&#8243; _builder_version=\u00bb4.25.2&#8243; _module_preset=\u00bbdefault\u00bb use_background_color_gradient=\u00bbon\u00bb background_color_gradient_direction=\u00bb90deg\u00bb background_color_gradient_stops=\u00bb#84bc48 0%|rgba(132,188,72,0.43) 100%\u00bb custom_padding=\u00bb||4px|||\u00bb global_colors_info=\u00bb{}\u00bb global_module=\u00bb163&#8243; theme_builder_area=\u00bbpost_content\u00bb][et_pb_row _builder_version=\u00bb4.25.2&#8243; _module_preset=\u00bbdefault\u00bb custom_margin=\u00bb-4px|auto||auto||\u00bb custom_padding=\u00bb19px||99px|||\u00bb global_colors_info=\u00bb{}\u00bb theme_builder_area=\u00bbpost_content\u00bb][et_pb_column type=\u00bb4_4&#8243; _builder_version=\u00bb4.25.2&#8243; _module_preset=\u00bbdefault\u00bb global_colors_info=\u00bb{}\u00bb theme_builder_area=\u00bbpost_content\u00bb][et_pb_text _builder_version=\u00bb4.25.2&#8243; _module_preset=\u00bbdefault\u00bb header_font=\u00bb|600||on|||||\u00bb header_text_align=\u00bbcenter\u00bb header_font_size=\u00bb52px\u00bb global_colors_info=\u00bb{}\u00bb theme_builder_area=\u00bbpost_content\u00bb][\/et_pb_text][et_pb_post_title meta=\u00bboff\u00bb featured_image=\u00bboff\u00bb _builder_version=\u00bb4.25.2&#8243; _module_preset=\u00bbdefault\u00bb title_font=\u00bb|600||on|||||\u00bb title_text_align=\u00bbcenter\u00bb title_font_size=\u00bb52px\u00bb global_colors_info=\u00bb{}\u00bb theme_builder_area=\u00bbpost_content\u00bb][\/et_pb_post_title][\/et_pb_column][\/et_pb_row][\/et_pb_section][et_pb_section fb_built=\u00bb1&#8243; theme_builder_area=\u00bbpost_content\u00bb _builder_version=\u00bb4.25.2&#8243; _module_preset=\u00bbdefault\u00bb][et_pb_row _builder_version=\u00bb4.25.2&#8243; _module_preset=\u00bbdefault\u00bb theme_builder_area=\u00bbpost_content\u00bb][et_pb_column _builder_version=\u00bb4.25.2&#8243; _module_preset=\u00bbdefault\u00bb type=\u00bb4_4&#8243; theme_builder_area=\u00bbpost_content\u00bb][et_pb_text _builder_version=\u00bb4.25.2&#8243; _module_preset=\u00bbdefault\u00bb theme_builder_area=\u00bbpost_content\u00bb hover_enabled=\u00bb0&#8243; sticky_enabled=\u00bb0&#8243;]<\/p>\n<p>Los autores deben obtener los permisos necesarios para el uso de material protegido por derechos de autor, incluyendo contenido obtenido de Internet.<\/p>\n<p>Si el estudio involucra personas o animales, debe asegurarse de que se ha llevado a cabo respetando las directrices \u00e9ticas internacionales, como la Declaraci\u00f3n de Helsinki para estudios con humanos. Los manuscritos deben adherirse a las recomendaciones del ICMJE en cuanto a la realizaci\u00f3n, registro, edici\u00f3n y publicaci\u00f3n de trabajos cient\u00edficos en revistas biom\u00e9dicas, procurando la representaci\u00f3n equitativa de sexo, edad y origen \u00e9tnico. Es fundamental el uso correcto de los t\u00e9rminos \u00absexo\u00bb y \u00abg\u00e9nero\u00bb.<\/p>\n<p>Al presentar un manuscrito, los autores confirman que no ha sido publicado previamente ni est\u00e1 en revisi\u00f3n en otra revista. Todos los autores deben haber participado significativamente en el desarrollo del estudio, incluyendo el dise\u00f1o o recopilaci\u00f3n de datos, el an\u00e1lisis y la interpretaci\u00f3n de los resultados, la redacci\u00f3n del art\u00edculo o la revisi\u00f3n cr\u00edtica del contenido, y la aprobaci\u00f3n final de la versi\u00f3n enviada.<\/p>\n<h3><strong>Fuentes de financiaci\u00f3n<\/strong><\/h3>\n<p>Si el estudio ha recibido apoyo econ\u00f3mico, se debe mencionar la instituci\u00f3n financiadora y su rol en el dise\u00f1o, recopilaci\u00f3n de datos, an\u00e1lisis, redacci\u00f3n o decisi\u00f3n de someter el manuscrito. Si no hubo financiaci\u00f3n externa, tambi\u00e9n debe indicarse.<\/p>\n<h3><strong>Consentimiento informado y privacidad<\/strong><\/h3>\n<p>El autor debe garantizar que se ha obtenido el consentimiento informado de todos los participantes y que se ha respetado su privacidad. Los estudios con humanos requieren aprobaci\u00f3n por parte de un comit\u00e9 de \u00e9tica y el consentimiento de los sujetos debe constar en el manuscrito. En caso de incluir datos personales o im\u00e1genes de pacientes, se deben obtener los permisos adecuados y asegurarse de que la informaci\u00f3n identificativa ha sido eliminada, a menos que se cuente con autorizaci\u00f3n escrita.<br \/>Los experimentos con animales deben cumplir con las normativas internacionales como las directrices ARRIVE y la Directiva 2010\/63\/UE de la UE, entre otras. El manuscrito debe especificar que estas normativas han sido seguidas, as\u00ed como el sexo de los animales y cualquier influencia del mismo en los resultados.<\/p>\n<h3><strong>Conflicto de intereses<\/strong><\/h3>\n<p>Los autores deben declarar cualquier relaci\u00f3n personal o financiera que pueda influir en el estudio. Esto incluye empleo, consultor\u00edas, propiedad de acciones, financiamiento externo, registro de patentes o cualquier otro v\u00ednculo. Esta informaci\u00f3n debe indicarse tanto en la primera p\u00e1gina del manuscrito como en un documento de declaraci\u00f3n de conflicto de intereses. Si no existe conflicto, se debe declarar expresamente.<\/p>\n<h3><strong>Uso de inteligencia artificial en la escritura cient\u00edfica<\/strong><\/h3>\n<p>Si se han empleado herramientas de inteligencia artificial en la redacci\u00f3n del manuscrito, su uso debe limitarse a la mejora del lenguaje y la legibilidad. La tecnolog\u00eda debe ser supervisada por los autores, quienes son responsables del contenido final. La IA no debe figurar como autora, ya que la autor\u00eda implica responsabilidades que solo pueden ser asumidas por personas. Se debe incluir una declaraci\u00f3n expl\u00edcita sobre el uso de IA en el manuscrito, asegurando que los autores han verificado la precisi\u00f3n de la informaci\u00f3n\u00a0generada.<\/p>\n<p>[\/et_pb_text][\/et_pb_column][\/et_pb_row][\/et_pb_section]<\/p>\n","protected":false},"excerpt":{"rendered":"<p>Los autores deben obtener los permisos necesarios para el uso de material protegido por derechos de autor, incluyendo contenido obtenido de Internet. Si el estudio involucra personas o animales, debe asegurarse de que se ha llevado a cabo respetando las directrices \u00e9ticas internacionales, como la Declaraci\u00f3n de Helsinki para estudios con humanos. Los manuscritos deben [&hellip;]<\/p>\n","protected":false},"author":1,"featured_media":0,"parent":0,"menu_order":0,"comment_status":"closed","ping_status":"closed","template":"","meta":{"_et_pb_use_builder":"on","_et_pb_old_content":"<!-- wp:divi\/placeholder \/-->","_et_gb_content_width":"","footnotes":""},"class_list":["post-405","page","type-page","status-publish","hentry"],"_links":{"self":[{"href":"https:\/\/sociedadcientificasanitaria.org\/tendencias-de-enfermeria\/wp-json\/wp\/v2\/pages\/405","targetHints":{"allow":["GET"]}}],"collection":[{"href":"https:\/\/sociedadcientificasanitaria.org\/tendencias-de-enfermeria\/wp-json\/wp\/v2\/pages"}],"about":[{"href":"https:\/\/sociedadcientificasanitaria.org\/tendencias-de-enfermeria\/wp-json\/wp\/v2\/types\/page"}],"author":[{"embeddable":true,"href":"https:\/\/sociedadcientificasanitaria.org\/tendencias-de-enfermeria\/wp-json\/wp\/v2\/users\/1"}],"replies":[{"embeddable":true,"href":"https:\/\/sociedadcientificasanitaria.org\/tendencias-de-enfermeria\/wp-json\/wp\/v2\/comments?post=405"}],"version-history":[{"count":5,"href":"https:\/\/sociedadcientificasanitaria.org\/tendencias-de-enfermeria\/wp-json\/wp\/v2\/pages\/405\/revisions"}],"predecessor-version":[{"id":474,"href":"https:\/\/sociedadcientificasanitaria.org\/tendencias-de-enfermeria\/wp-json\/wp\/v2\/pages\/405\/revisions\/474"}],"wp:attachment":[{"href":"https:\/\/sociedadcientificasanitaria.org\/tendencias-de-enfermeria\/wp-json\/wp\/v2\/media?parent=405"}],"curies":[{"name":"wp","href":"https:\/\/api.w.org\/{rel}","templated":true}]}}